{"id":2,"date":"2020-02-06T13:32:51","date_gmt":"2020-02-06T13:32:51","guid":{"rendered":"http:\/\/spab-revisores.pt\/?page_id=2"},"modified":"2021-11-15T14:46:17","modified_gmt":"2021-11-15T14:46:17","slug":"sample-page","status":"publish","type":"page","link":"https:\/\/spab-revisores.pt\/","title":{"rendered":""},"content":{"rendered":"\n<h2 class=\"has-text-align-center wp-block-heading\">Servi\u00e7os prestados:<\/h2>\n\n\n\n<p><strong>Compet\u00eancias exclusivas do Revisor Oficial de Contas:<\/strong><\/p>\n\n\n\n<ul class=\"wp-block-list\"><li>Revis\u00e3o legal das contas, decorrentes de disposi\u00e7\u00e3o legal (CSC)<\/li><li>Auditoria \u00e0s contas, decorrentes de disposi\u00e7\u00e3o estatut\u00e1ria ou contratual<\/li><li>Servi\u00e7os relacionados, que tenham uma finalidade e ou um \u00e2mbito espec\u00edfico ou limitado<\/li><li>O exerc\u00edcio de quaisquer outras fun\u00e7\u00f5es que por lei exijam a interven\u00e7\u00e3o pr\u00f3pria e aut\u00f3noma de ROC\u2019s sobre determinados actos ou factos patrimoniais de empresas ou de outras entidades<\/li><li>Participar como membro do conselho fiscal de sociedades \/ fiscal \u00fanico<\/li><\/ul>\n\n\n\n<blockquote class=\"wp-block-quote is-layout-flow wp-block-quote-is-layout-flow\"><p>As empresas ou outras entidades ficam sujeitas \u00e0 interven\u00e7\u00e3o de ROC, no \u00e2mbito das suas fun\u00e7\u00f5es de revis\u00e3o\/auditoria \u00e0s contas, quando:<\/p><p>-Tal resulte de disposi\u00e7\u00e3o legal ( Ex. as Sociedades An\u00f3nimas), estatut\u00e1ria ( Ex. Cooperativas) ou contratual;<\/p><p>-Possuam ou devam possuir contabilidade organizada nos termos dos planos contabil\u00edsticos aplic\u00e1veis e ultrapassem dois dos tr\u00eas seguintes limites, durante dois anos consecutivos (artigo 262\u00ba do CSC):<\/p><p>Total do balan\u00e7o: 1.500.000 euros<\/p><p>Total das vendas l\u00edquidas e outros proveitos: 3.000.000 euros<\/p><p>N\u00ba de trabalhadores empregados em m\u00e9dia durante o exerc\u00edcio: 50.<\/p><\/blockquote>\n\n\n\n<p><strong>Outras fun\u00e7\u00f5es<\/strong><\/p>\n\n\n\n<p><strong>No \u00e2mbito de outras compet\u00eancias profissionais do ROC, consultoria fiscal e de gest\u00e3o, nomeadamente:<\/strong><\/p>\n\n\n\n<ul class=\"wp-block-list\"><li>Avalia\u00e7\u00e3o de empresas e neg\u00f3cios \/ Corporate Finance<\/li><li>Liquidat\u00e1rio (nos termos dos art\u00bas 141\u00ba a 145\u00ba do C\u00f3digo das Sociedades Comerciais)<\/li><li>Entradas em Esp\u00e9cie \/ Aumento de capital (artigo 28\u00ba do C\u00f3digo das Sociedades Comerciais)<\/li><li>Consolida\u00e7\u00e3o das contas<\/li><li>Verifica\u00e7\u00e3o dos pedidos de pagamento de incentivos no \u00e2mbito de v\u00e1rios apoios<\/li><li>Certifica\u00e7\u00e3o de Balan\u00e7o Intercalar para candidaturas a incentivos<\/li><li>Planos de Neg\u00f3cio e Estudos Financeiros Previsionais<\/li><li>Reorganiza\u00e7\u00e3o de Empresas ou Grupos de Entidades<\/li><li>Regime Especial de tributa\u00e7\u00e3o de grupo de sociedades<\/li><li>Fiscaliza\u00e7\u00e3o de Projectos de Cis\u00e3o, Fus\u00e3o e transforma\u00e7\u00e3o de Sociedades (CSC)<\/li><li>Regulariza\u00e7\u00e3o de Cr\u00e9ditos de IVA (artigo 78\u00ba CIVA)<\/li><li>Estudo e Implementa\u00e7\u00e3o de Sistemas de Controlo Interno<\/li><li>Per\u00edcia Financeira em pr\u00e9-contencioso ou judicial<\/li><li>An\u00e1lise e apoio a Projectos de Investimento<\/li><li>Apoio \u00e0 implementa\u00e7\u00e3o de Controlo or\u00e7amental e de Gest\u00e3o<\/li><li>Assessoria em Sistemas de Informa\u00e7\u00e3o de Gest\u00e3o (ERP)<\/li><\/ul>\n\n\n\n<hr class=\"wp-block-separator\"\/>\n\n\n\n<h2 class=\"has-text-align-center wp-block-heading\">Equipa :<\/h2>\n\n\n\n<div class=\"wp-block-image\"><figure class=\"aligncenter size-large is-resized\"><img loading=\"lazy\" decoding=\"async\" src=\"http:\/\/spab-revisores.pt\/wp-content\/uploads\/2020\/02\/boia-1.jpg\" alt=\"\" class=\"wp-image-54\" width=\"100\" height=\"109\" srcset=\"https:\/\/spab-revisores.pt\/wp-content\/uploads\/2020\/02\/boia-1.jpg 398w, https:\/\/spab-revisores.pt\/wp-content\/uploads\/2020\/02\/boia-1-274x300.jpg 274w\" sizes=\"auto, (max-width: 100px) 100vw, 100px\" \/><\/figure><\/div>\n\n\n\n<p class=\"has-text-align-center\"><strong>A. Paulo Albuquerque Boia<\/strong><\/p>\n\n\n\n<ul class=\"wp-block-list\"><li>Revisor Oficial de Contas inscrito na CMVM e OROC<\/li><li>Contabilista Certificado inscrito na OCC<\/li><li>P\u00f3s-gradua\u00e7\u00e3o em <em>BusinessIntelligence<\/em> (U. Portucalense)<\/li><li>Especializa\u00e7\u00e3o em Controlo de gest\u00e3o (ISCTE)<\/li><li>Licenciado em Gest\u00e3o (Universidade Coimbra)<\/li><li>Auditor s\u00e9nior em SROC (4 anos)<\/li><li><em>Partner<\/em> da Papiro Gest Contabilidade e gest\u00e3o (desde 2009)<\/li><li>Controller de gest\u00e3o em empresas industriais (16 anos)<\/li><li>Consultor de diversos projetos de investimento (PEDIP\/QREN\/PORTUGAL 2020)<\/li><li>Avaliador de empresas<\/li><\/ul>\n\n\n\n<hr class=\"wp-block-separator\"\/>\n\n\n\n<div class=\"wp-block-image\"><figure class=\"aligncenter size-large is-resized\"><img loading=\"lazy\" decoding=\"async\" src=\"http:\/\/spab-revisores.pt\/wp-content\/uploads\/2020\/02\/fatima_3x5.jpg\" alt=\"\" class=\"wp-image-49\" width=\"89\" height=\"115\" srcset=\"https:\/\/spab-revisores.pt\/wp-content\/uploads\/2020\/02\/fatima_3x5.jpg 356w, https:\/\/spab-revisores.pt\/wp-content\/uploads\/2020\/02\/fatima_3x5-233x300.jpg 233w\" sizes=\"auto, (max-width: 89px) 100vw, 89px\" \/><\/figure><\/div>\n\n\n\n<p class=\"has-text-align-center\"><strong>M. Fatima Silva Peneda<\/strong><\/p>\n\n\n\n<ul class=\"wp-block-list\"><li>Revisor Oficial de Contas inscrita na CMVM e OROC<\/li><li>Contabilista Certificado inscrito na OCC<\/li><li>P\u00f3s-gradua\u00e7\u00e3o em Finan\u00e7as e fiscalidade (Universidade Porto)<\/li><li>Especializa\u00e7\u00e3o em Fiscalidade (Universidade Cat\u00f3lica Porto)<\/li><li>Licenciada em Gest\u00e3o (IPV)<\/li><li>Auditor s\u00e9nior em SROC (4 anos)<\/li><li><em>Partner<\/em> da Papiro Gest Contabilidade e gest\u00e3o (desde 2009)<\/li><li>Consultora fiscal (desde 2009)<\/li><li>T\u00e9cnica de gest\u00e3o em grupos empresariais (3 anos)<\/li><\/ul>\n\n\n\n<div class=\"wp-block-group\"><div class=\"wp-block-group__inner-container is-layout-flow wp-block-group-is-layout-flow\"><\/div><\/div>\n","protected":false},"excerpt":{"rendered":"<p>Servi\u00e7os prestados: Compet\u00eancias exclusivas do Revisor Oficial de Contas: Revis\u00e3o legal das contas, decorrentes de disposi\u00e7\u00e3o legal (CSC) Auditoria \u00e0s contas, decorrentes de disposi\u00e7\u00e3o estatut\u00e1ria ou contratual Servi\u00e7os relacionados, que tenham uma finalidade e ou um \u00e2mbito espec\u00edfico ou limitado O exerc\u00edcio de quaisquer outras fun\u00e7\u00f5es que por lei exijam a interven\u00e7\u00e3o pr\u00f3pria e aut\u00f3noma [&hellip;]<\/p>\n","protected":false},"author":1,"featured_media":0,"parent":0,"menu_order":0,"comment_status":"closed","ping_status":"closed","template":"","meta":{"footnotes":""},"class_list":["post-2","page","type-page","status-publish","hentry","post"],"_links":{"self":[{"href":"https:\/\/spab-revisores.pt\/index.php\/wp-json\/wp\/v2\/pages\/2","targetHints":{"allow":["GET"]}}],"collection":[{"href":"https:\/\/spab-revisores.pt\/index.php\/wp-json\/wp\/v2\/pages"}],"about":[{"href":"https:\/\/spab-revisores.pt\/index.php\/wp-json\/wp\/v2\/types\/page"}],"author":[{"embeddable":true,"href":"https:\/\/spab-revisores.pt\/index.php\/wp-json\/wp\/v2\/users\/1"}],"replies":[{"embeddable":true,"href":"https:\/\/spab-revisores.pt\/index.php\/wp-json\/wp\/v2\/comments?post=2"}],"version-history":[{"count":23,"href":"https:\/\/spab-revisores.pt\/index.php\/wp-json\/wp\/v2\/pages\/2\/revisions"}],"predecessor-version":[{"id":77,"href":"https:\/\/spab-revisores.pt\/index.php\/wp-json\/wp\/v2\/pages\/2\/revisions\/77"}],"wp:attachment":[{"href":"https:\/\/spab-revisores.pt\/index.php\/wp-json\/wp\/v2\/media?parent=2"}],"curies":[{"name":"wp","href":"https:\/\/api.w.org\/{rel}","templated":true}]}}